Last updated on 2025-10-22 09:50:30 CEST.
Flavor | Version | Tinstall | Tcheck | Ttotal | Status | Flags |
---|---|---|---|---|---|---|
r-devel-linux-x86_64-debian-clang | 1.1.2 | 9.35 | 111.38 | 120.73 | NOTE | |
r-devel-linux-x86_64-debian-gcc | 1.1.2 | 8.21 | 78.42 | 86.63 | NOTE | |
r-devel-linux-x86_64-fedora-clang | 1.1.2 | 34.00 | 149.58 | 183.58 | OK | |
r-devel-linux-x86_64-fedora-gcc | 1.1.2 | 24.00 | 142.69 | 166.69 | OK | |
r-devel-windows-x86_64 | 1.1.2 | 12.00 | 126.00 | 138.00 | OK | |
r-patched-linux-x86_64 | 1.1.2 | 11.67 | 100.62 | 112.29 | OK | |
r-release-linux-x86_64 | 1.1.2 | 10.30 | 100.52 | 110.82 | OK | |
r-release-macos-arm64 | 1.1.2 | 5.00 | 45.00 | 50.00 | OK | |
r-release-macos-x86_64 | 1.1.2 | 14.00 | 99.00 | 113.00 | OK | |
r-release-windows-x86_64 | 1.1.2 | 14.00 | 129.00 | 143.00 | OK | |
r-oldrel-macos-arm64 | 1.1.2 | 5.00 | 54.00 | 59.00 | OK | |
r-oldrel-macos-x86_64 | 1.1.2 | 13.00 | 93.00 | 106.00 | OK | |
r-oldrel-windows-x86_64 | 1.1.2 | 17.00 | 161.00 | 178.00 | OK |
Version: 1.1.2
Check: HTML version of manual
Result: NOTE
Found the following HTML validation problems:
set_as_numeric_matrix.html:68:1 (set_as_numeric_matrix.Rd:23): Warning: missing </ul> before </div>
Flavors: r-devel-linux-x86_64-debian-clang, r-devel-linux-x86_64-debian-gcc