Last updated on 2025-11-11 10:49:58 CET.
| Flavor | Version | Tinstall | Tcheck | Ttotal | Status | Flags |
|---|---|---|---|---|---|---|
| r-devel-linux-x86_64-debian-clang | 2.9.9.5 | 84.96 | 648.85 | 733.81 | OK | |
| r-devel-linux-x86_64-debian-gcc | 2.9.9.5 | 45.88 | 413.27 | 459.15 | OK | |
| r-devel-linux-x86_64-fedora-clang | 2.9.9.5 | 420.00 | 831.29 | 1251.29 | NOTE | |
| r-devel-linux-x86_64-fedora-gcc | 2.9.9.5 | 168.00 | 947.29 | 1115.29 | NOTE | |
| r-devel-windows-x86_64 | 2.9.9.5 | 80.00 | 641.00 | 721.00 | OK | |
| r-patched-linux-x86_64 | 2.9.9.5 | 79.90 | 609.59 | 689.49 | OK | |
| r-release-linux-x86_64 | 2.9.9.5 | 78.07 | 613.19 | 691.26 | OK | |
| r-release-macos-arm64 | 2.9.9.5 | 47.00 | 230.00 | 277.00 | OK | |
| r-release-macos-x86_64 | 2.9.9.5 | 64.00 | 254.00 | 318.00 | OK | |
| r-release-windows-x86_64 | 2.9.9.5 | 78.00 | 636.00 | 714.00 | OK | |
| r-oldrel-macos-arm64 | 2.9.9.5 | 30.00 | 188.00 | 218.00 | NOTE | |
| r-oldrel-macos-x86_64 | 2.9.9.5 | 59.00 | 261.00 | 320.00 | NOTE | |
| r-oldrel-windows-x86_64 | 2.9.9.5 | 109.00 | 851.00 | 960.00 | NOTE |
Version: 2.9.9.5
Check: dependencies in R code
Result: NOTE
Namespace in Imports field not imported from: ‘foreach’
All declared Imports should be used.
Flavors: r-devel-linux-x86_64-fedora-clang, r-devel-linux-x86_64-fedora-gcc
Version: 2.9.9.5
Check: installed package size
Result: NOTE
installed size is 6.4Mb
sub-directories of 1Mb or more:
R 2.0Mb
help 2.6Mb
Flavors: r-oldrel-macos-arm64, r-oldrel-macos-x86_64, r-oldrel-windows-x86_64