CRAN Package Check Results for Package dani

Last updated on 2025-10-22 09:50:30 CEST.

Flavor Version Tinstall Tcheck Ttotal Status Flags
r-devel-linux-x86_64-debian-clang 0.1-1 9.68 79.12 88.80 NOTE
r-devel-linux-x86_64-debian-gcc 0.1-1 6.37 55.33 61.70 NOTE
r-devel-linux-x86_64-fedora-clang 0.1-1 23.00 114.50 137.50 OK
r-devel-linux-x86_64-fedora-gcc 0.1-1 20.00 104.27 124.27 OK
r-devel-windows-x86_64 0.1-1 11.00 79.00 90.00 OK
r-patched-linux-x86_64 0.1-1 8.43 73.84 82.27 OK
r-release-linux-x86_64 0.1-1 8.47 72.76 81.23 OK
r-release-macos-arm64 0.1-1 4.00 35.00 39.00 OK
r-release-macos-x86_64 0.1-1 8.00 60.00 68.00 OK
r-release-windows-x86_64 0.1-1 11.00 83.00 94.00 OK
r-oldrel-macos-arm64 0.1-1 4.00 35.00 39.00 OK
r-oldrel-macos-x86_64 0.1-1 7.00 53.00 60.00 OK
r-oldrel-windows-x86_64 0.1-1 14.00 99.00 113.00 OK

Check Details

Version: 0.1-1
Check: CRAN incoming feasibility
Result: NOTE Maintainer: ‘Matteo Quartagno <m.quartagno@ucl.ac.uk>’ No Authors@R field in DESCRIPTION. Please add one, modifying Authors@R: person(given = "Matteo", family = "Quartagno", role = c("aut", "cre"), email = "m.quartagno@ucl.ac.uk") as necessary. The Description field contains et al. (2019) <arXiv:1905.00241>. Please refer to arXiv e-prints via their arXiv DOI <doi:10.48550/arXiv.YYMM.NNNNN>. Flavors: r-devel-linux-x86_64-debian-clang, r-devel-linux-x86_64-debian-gcc