CRAN Package Check Results for Package csci

Last updated on 2025-10-22 09:50:30 CEST.

Flavor Version Tinstall Tcheck Ttotal Status Flags
r-devel-linux-x86_64-debian-clang 0.9.3 2.86 29.27 32.13 NOTE
r-devel-linux-x86_64-debian-gcc 0.9.3 2.47 23.15 25.62 NOTE
r-devel-linux-x86_64-fedora-clang 0.9.3 34.65 OK
r-devel-linux-x86_64-fedora-gcc 0.9.3 44.55 OK
r-devel-windows-x86_64 0.9.3 5.00 51.00 56.00 OK
r-patched-linux-x86_64 0.9.3 3.59 28.15 31.74 OK
r-release-linux-x86_64 0.9.3 3.33 27.41 30.74 OK
r-release-macos-arm64 0.9.3 2.00 21.00 23.00 OK
r-release-macos-x86_64 0.9.3 3.00 36.00 39.00 OK
r-release-windows-x86_64 0.9.3 6.00 47.00 53.00 OK
r-oldrel-macos-arm64 0.9.3 2.00 17.00 19.00 OK
r-oldrel-macos-x86_64 0.9.3 3.00 24.00 27.00 OK
r-oldrel-windows-x86_64 0.9.3 7.00 54.00 61.00 OK

Check Details

Version: 0.9.3
Check: CRAN incoming feasibility
Result: NOTE Maintainer: ‘Michael P. Fay <mfay@niaid.nih.gov>’ No Authors@R field in DESCRIPTION. Please add one, modifying Authors@R: c(person(given = "Sungwook", family = "Kim", role = "aut"), person(given = c("Michael", "P."), family = "Fay", role = "cre", email = "mfay@niaid.nih.gov")) as necessary. Flavors: r-devel-linux-x86_64-debian-clang, r-devel-linux-x86_64-debian-gcc