Last updated on 2025-10-22 09:50:29 CEST.
Flavor | Version | Tinstall | Tcheck | Ttotal | Status | Flags |
---|---|---|---|---|---|---|
r-devel-linux-x86_64-debian-clang | 3.0.1 | 15.41 | 173.83 | 189.24 | NOTE | |
r-devel-linux-x86_64-debian-gcc | 3.0.1 | 9.32 | 102.23 | 111.55 | NOTE | |
r-devel-linux-x86_64-fedora-clang | 3.0.1 | 17.00 | 182.44 | 199.44 | OK | |
r-devel-linux-x86_64-fedora-gcc | 3.0.1 | 30.00 | 241.65 | 271.65 | OK | |
r-devel-windows-x86_64 | 3.0.1 | 17.00 | 222.00 | 239.00 | OK | |
r-patched-linux-x86_64 | 3.0.1 | 15.16 | 158.42 | 173.58 | OK | |
r-release-linux-x86_64 | 3.0.1 | 13.59 | 160.70 | 174.29 | OK | |
r-release-macos-arm64 | 3.0.1 | 5.00 | 67.00 | 72.00 | OK | |
r-release-macos-x86_64 | 3.0.1 | 12.00 | 161.00 | 173.00 | OK | |
r-release-windows-x86_64 | 3.0.1 | 15.00 | 218.00 | 233.00 | OK | |
r-oldrel-macos-arm64 | 3.0.1 | 5.00 | 68.00 | 73.00 | OK | |
r-oldrel-macos-x86_64 | 3.0.1 | 20.00 | 238.00 | 258.00 | OK | |
r-oldrel-windows-x86_64 | 3.0.1 | 18.00 | 278.00 | 296.00 | OK |
Version: 3.0.1
Check: HTML version of manual
Result: NOTE
Found the following HTML validation problems:
dot-onAttach.html:50:1 (dot-onAttach.Rd:12): Warning: missing </ul> before </div>
print.html:55:1 (print.Rd:14): Warning: missing </ul> before </div>
Flavors: r-devel-linux-x86_64-debian-clang, r-devel-linux-x86_64-debian-gcc