Last updated on 2025-10-21 09:48:27 CEST.
Flavor | Version | Tinstall | Tcheck | Ttotal | Status | Flags |
---|---|---|---|---|---|---|
r-devel-linux-x86_64-debian-clang | 0.17.4 | 19.81 | 167.42 | 187.23 | OK | |
r-devel-linux-x86_64-debian-gcc | 0.17.4 | 13.29 | 106.46 | 119.75 | NOTE | |
r-devel-linux-x86_64-fedora-clang | 0.17.4 | 223.18 | OK | |||
r-devel-linux-x86_64-fedora-gcc | 0.17.4 | 297.00 | OK | |||
r-devel-windows-x86_64 | 0.17.4 | 23.00 | 299.00 | 322.00 | OK | |
r-patched-linux-x86_64 | 0.17.4 | 23.33 | 155.73 | 179.06 | OK | |
r-release-linux-x86_64 | 0.17.4 | 19.20 | 156.69 | 175.89 | OK | |
r-release-macos-arm64 | 0.17.4 | 176.00 | OK | |||
r-release-macos-x86_64 | 0.17.4 | 207.00 | OK | |||
r-release-windows-x86_64 | 0.17.4 | 26.00 | 177.00 | 203.00 | OK | |
r-oldrel-macos-arm64 | 0.17.4 | 130.00 | NOTE | |||
r-oldrel-macos-x86_64 | 0.17.4 | 215.00 | NOTE | |||
r-oldrel-windows-x86_64 | 0.17.4 | 31.00 | 221.00 | 252.00 | NOTE |
Version: 0.17.4
Check: HTML version of manual
Result: NOTE
Found the following HTML validation problems:
ROI_brainstructures_Param_all.html:45:1 (ROI_brainstructures_Param_all.Rd:12): Warning: missing </ul> before </div>
S3_Summary.html:51:1 (S3_Summary.Rd:13): Warning: missing </ul> before </div>
area_original_Param.html:50:1 (area_original_Param.Rd:17): Warning: missing </ul> before </div>
area_target_Param.html:43:1 (area_target_Param.Rd:10): Warning: missing </ul> before </div>
brainstructures_Param_existing.html:47:1 (brainstructures_Param_existing.Rd:14): Warning: missing </ul> before </div>
cifti_fname_Param.html:40:1 (cifti_fname_Param.Rd:7): Warning: missing </ul> before </div>
crop_vol.html:46:1 (crop_vol.Rd:10): Warning: missing </ul> before </div>
faces_Param.html:42:1 (faces_Param.Rd:9): Warning: missing </ul> before </div>
idx_Param.html:46:1 (idx_Param.Rd:13): Warning: missing </ul> before </div>
mask_Param_vertices.html:41:1 (mask_Param_vertices.Rd:8): Warning: missing </ul> before </div>
original_fnames_Param_remapped.html:44:1 (original_fnames_Param_remapped.Rd:11): Warning: missing </ul> before </div>
original_fnames_Param_resampled.html:45:1 (original_fnames_Param_resampled.Rd:12): Warning: missing </ul> before </div>
plot.surf.html:56:1 (plot.surf.Rd:17): Warning: missing </ul> before </div>
plot.xifti.html:52:1 (plot.xifti.Rd:13): Warning: missing </ul> before </div>
read_dir_Param_separated.html:44:1 (read_dir_Param_separated.Rd:11): Warning: missing </ul> before </div>
resamp_method_Param.html:50:1 (resamp_method_Param.Rd:17): Warning: missing </ul> before </div>
resamp_res_Param_optional.html:42:1 (resamp_res_Param_optional.Rd:9): Warning: missing </ul> before </div>
resamp_res_Param_required.html:41:1 (resamp_res_Param_required.Rd:8): Warning: missing </ul> before </div>
summary.surf.html:62:1 (summary.surf.Rd:21): Warning: missing </ul> before </div>
summary.xifti.html:61:1 (summary.xifti.Rd:20): Warning: missing </ul> before </div>
surfL_Param_optional.html:43:1 (surfL_Param_optional.Rd:10): Warning: missing </ul> before </div>
surfL_fname_Param.html:41:1 (surfL_fname_Param.Rd:8): Warning: missing </ul> before </div>
surfL_original_fname_Param.html:41:1 (surfL_original_fname_Param.Rd:8): Warning: missing </ul> before </div>
surfL_target_fname_Param.html:41:1 (surfL_target_fname_Param.Rd:8): Warning: missing </ul> before </div>
surfR_Param_optional.html:43:1 (surfR_Param_optional.Rd:10): Warning: missing </ul> before </div>
surfR_fname_Param.html:41:1 (surfR_fname_Param.Rd:8): Warning: missing </ul> before </div>
surfR_original_fname_Param.html:41:1 (surfR_original_fname_Param.Rd:8): Warning: missing </ul> before </div>
surfR_target_fname_Param.html:41:1 (surfR_target_fname_Param.Rd:8): Warning: missing </ul> before </div>
surface_plot_Params.html:160:1 (surface_plot_Params.Rd:97): Warning: missing </ul> before </div>
verbose_Param_FALSE.html:40:1 (verbose_Param_FALSE.Rd:7): Warning: missing </ul> before </div>
verbose_Param_TRUE.html:40:1 (verbose_Param_TRUE.Rd:7): Warning: missing </ul> before </div>
vertices_Param.html:42:1 (vertices_Param.Rd:9): Warning: missing </ul> before </div>
write_dir_Param_generic.html:43:1 (write_dir_Param_generic.Rd:10): Warning: missing </ul> before </div>
write_label_table.html:51:1 (write_label_table.Rd:12): Warning: missing </ul> before </div>
x_Param_xifti.html:40:1 (x_Param_xifti.Rd:7): Warning: missing </ul> before </div>
xifti_Param.html:40:1 (xifti_Param.Rd:7): Warning: missing </ul> before </div>
Flavor: r-devel-linux-x86_64-debian-gcc
Version: 0.17.4
Check: installed package size
Result: NOTE
installed size is 8.2Mb
sub-directories of 1Mb or more:
R 2.8Mb
extdata 4.3Mb
Flavors: r-oldrel-macos-arm64, r-oldrel-macos-x86_64, r-oldrel-windows-x86_64