Last updated on 2025-10-22 09:50:28 CEST.
Flavor | Version | Tinstall | Tcheck | Ttotal | Status | Flags |
---|---|---|---|---|---|---|
r-devel-linux-x86_64-debian-clang | 1.0.3 | 57.69 | 144.02 | 201.71 | NOTE | |
r-devel-linux-x86_64-debian-gcc | 1.0.3 | 44.79 | 103.85 | 148.64 | NOTE | |
r-devel-linux-x86_64-fedora-clang | 1.0.3 | 70.00 | 170.60 | 240.60 | OK | |
r-devel-linux-x86_64-fedora-gcc | 1.0.3 | 127.00 | 191.07 | 318.07 | OK | |
r-devel-windows-x86_64 | 1.0.3 | 54.00 | 145.00 | 199.00 | OK | |
r-patched-linux-x86_64 | 1.0.3 | 53.58 | 140.18 | 193.76 | OK | |
r-release-linux-x86_64 | 1.0.3 | 55.02 | 140.57 | 195.59 | OK | |
r-release-macos-arm64 | 1.0.3 | 35.00 | 68.00 | 103.00 | OK | |
r-release-macos-x86_64 | 1.0.3 | 67.00 | 143.00 | 210.00 | OK | |
r-release-windows-x86_64 | 1.0.3 | 55.00 | 148.00 | 203.00 | OK | |
r-oldrel-macos-arm64 | 1.0.3 | 36.00 | 67.00 | 103.00 | NOTE | |
r-oldrel-macos-x86_64 | 1.0.3 | 74.00 | 148.00 | 222.00 | NOTE | |
r-oldrel-windows-x86_64 | 1.0.3 | 77.00 | 188.00 | 265.00 | OK |
Version: 1.0.3
Check: HTML version of manual
Result: NOTE
Found the following HTML validation problems:
cellkey_pkg.html:244:1 (cellkey_pkg.Rd:312): Warning: <h5> anchor "Usage" already defined
cellkey_pkg.html:250:1 (cellkey_pkg.Rd:316): Warning: <h5> anchor "Arguments" already defined
cellkey_pkg.html:263:1 (cellkey_pkg.Rd:323): Warning: <h5> anchor "Returns" already defined
cellkey_pkg.html:283:1 (cellkey_pkg.Rd:335): Warning: <h5> anchor "Usage" already defined
cellkey_pkg.html:289:1 (cellkey_pkg.Rd:339): Warning: <h5> anchor "Arguments" already defined
cellkey_pkg.html:310:1 (cellkey_pkg.Rd:354): Warning: <h5> anchor "Returns" already defined
cellkey_pkg.html:347:1 (cellkey_pkg.Rd:372): Warning: <h5> anchor "Usage" already defined
cellkey_pkg.html:353:1 (cellkey_pkg.Rd:376): Warning: <h5> anchor "Arguments" already defined
cellkey_pkg.html:387:1 (cellkey_pkg.Rd:399): Warning: <h5> anchor "Returns" already defined
cellkey_pkg.html:422:1 (cellkey_pkg.Rd:417): Warning: <h5> anchor "Usage" already defined
cellkey_pkg.html:428:1 (cellkey_pkg.Rd:421): Warning: <h5> anchor "Arguments" already defined
cellkey_pkg.html:445:1 (cellkey_pkg.Rd:432): Warning: <h5> anchor "Returns" already defined
cellkey_pkg.html:464:1 (cellkey_pkg.Rd:443): Warning: <h5> anchor "Usage" already defined
cellkey_pkg.html:470:1 (cellkey_pkg.Rd:447): Warning: <h5> anchor "Arguments" already defined
cellkey_pkg.html:484:1 (cellkey_pkg.Rd:455): Warning: <h5> anchor "Returns" already defined
cellkey_pkg.html:502:1 (cellkey_pkg.Rd:465): Warning: <h5> anchor "Usage" already defined
cellkey_pkg.html:508:1 (cellkey_pkg.Rd:469): Warning: <h5> anchor "Returns" already defined
cellkey_pkg.html:536:1 (cellkey_pkg.Rd:484): Warning: <h5> anchor "Usage" already defined
cellkey_pkg.html:542:1 (cellkey_pkg.Rd:488): Warning: <h5> anchor "Returns" already defined
cellkey_pkg.html:559:1 (cellkey_pkg.Rd:497): Warning: <h5> anchor "Usage" already defined
cellkey_pkg.html:565:1 (cellkey_pkg.Rd:501): Warning: <h5> anchor "Returns" already defined
cellkey_pkg.html:582:1 (cellkey_pkg.Rd:510): Warning: <h5> anchor "Usage" already defined
cellkey_pkg.html:588:1 (cellkey_pkg.Rd:514): Warning: <h5> anchor "Returns" already defined
cellkey_pkg.html:625:1 (cellkey_pkg.Rd:534): Warning: <h5> anchor "Usage" already defined
cellkey_pkg.html:631:1 (cellkey_pkg.Rd:538): Warning: <h5> anchor "Returns" already defined
cellkey_pkg.html:648:1 (cellkey_pkg.Rd:547): Warning: <h5> anchor "Usage" already defined
cellkey_pkg.html:654:1 (cellkey_pkg.Rd:551): Warning: <h5> anchor "Returns" already defined
cellkey_pkg.html:671:1 (cellkey_pkg.Rd:560): Warning: <h5> anchor "Usage" already defined
cellkey_pkg.html:677:1 (cellkey_pkg.Rd:564): Warning: <h5> anchor "Arguments" already defined
cellkey_pkg.html:695:1 (cellkey_pkg.Rd:576): Warning: <h5> anchor "Returns" already defined
cellkey_pkg.html:713:1 (cellkey_pkg.Rd:586): Warning: <h5> anchor "Usage" already defined
cellkey_pkg.html:719:1 (cellkey_pkg.Rd:590): Warning: <h5> anchor "Arguments" already defined
cellkey_pkg.html:737:1 (cellkey_pkg.Rd:602): Warning: <h5> anchor "Returns" already defined
cellkey_pkg.html:755:1 (cellkey_pkg.Rd:612): Warning: <h5> anchor "Usage" already defined
cellkey_pkg.html:761:1 (cellkey_pkg.Rd:616): Warning: <h5> anchor "Arguments" already defined
cellkey_pkg.html:778:1 (cellkey_pkg.Rd:627): Warning: <h5> anchor "Returns" already defined
cellkey_pkg.html:797:1 (cellkey_pkg.Rd:638): Warning: <h5> anchor "Usage" already defined
cellkey_pkg.html:803:1 (cellkey_pkg.Rd:642): Warning: <h5> anchor "Arguments" already defined
cellkey_pkg.html:818:1 (cellkey_pkg.Rd:651): Warning: <h5> anchor "Returns" already defined
cellkey_pkg.html:837:1 (cellkey_pkg.Rd:662): Warning: <h5> anchor "Usage" already defined
cellkey_pkg.html:843:1 (cellkey_pkg.Rd:666): Warning: <h5> anchor "Arguments" already defined
cellkey_pkg.html:860:1 (cellkey_pkg.Rd:677): Warning: <h5> anchor "Returns" already defined
cellkey_pkg.html:879:1 (cellkey_pkg.Rd:688): Warning: <h5> anchor "Usage" already defined
cellkey_pkg.html:885:1 (cellkey_pkg.Rd:692): Warning: <h5> anchor "Arguments" already defined
cellkey_pkg.html:903:1 (cellkey_pkg.Rd:704): Warning: <h5> anchor "Returns" already defined
cellkey_pkg.html:921:1 (cellkey_pkg.Rd:714): Warning: <h5> anchor "Usage" already defined
cellkey_pkg.html:927:1 (cellkey_pkg.Rd:718): Warning: <h5> anchor "Returns" already defined
cellkey_pkg.html:946:1 (cellkey_pkg.Rd:729): Warning: <h5> anchor "Usage" already defined
cellkey_pkg.html:952:1 (cellkey_pkg.Rd:733): Warning: <h5> anchor "Arguments" already defined
cellkey_pkg.html:970:1 (cellkey_pkg.Rd:745): Warning: <h5> anchor "Returns" already defined
cellkey_pkg.html:990:1 (cellkey_pkg.Rd:757): Warning: <h5> anchor "Usage" already defined
cellkey_pkg.html:996:1 (cellkey_pkg.Rd:761): Warning: <h5> anchor "Arguments" already defined
cellkey_pkg.html:1011:1 (cellkey_pkg.Rd:770): Warning: <h5> anchor "Returns" already defined
cellkey_pkg.html:1031:1 (cellkey_pkg.Rd:782): Warning: <h5> anchor "Usage" already defined
cellkey_pkg.html:1037:1 (cellkey_pkg.Rd:786): Warning: <h5> anchor "Arguments" already defined
cellkey_pkg.html:1052:1 (cellkey_pkg.Rd:795): Warning: <h5> anchor "Returns" already defined
cellkey_pkg.html:1071:1 (cellkey_pkg.Rd:806): Warning: <h5> anchor "Usage" already defined
cellkey_pkg.html:1077:1 (cellkey_pkg.Rd:810): Warning: <h5> anchor "Returns" already defined
cellkey_pkg.html:1096:1 (cellkey_pkg.Rd:821): Warning: <h5> anchor "Usage" already defined
cellkey_pkg.html:1102:1 (cellkey_pkg.Rd:825): Warning: <h5> anchor "Returns" already defined
cellkey_pkg.html:1121:1 (cellkey_pkg.Rd:836): Warning: <h5> anchor "Usage" already defined
cellkey_pkg.html:1127:1 (cellkey_pkg.Rd:840): Warning: <h5> anchor "Arguments" already defined
cellkey_pkg.html:1145:1 (cellkey_pkg.Rd:852): Warning: <h5> anchor "Returns" already defined
cellkey_pkg.html:1164:1 (cellkey_pkg.Rd:863): Warning: <h5> anchor "Usage" already defined
cellkey_pkg.html:1170:1 (cellkey_pkg.Rd:867): Warning: <h5> anchor "Returns" already defined
cellkey_pkg.html:1187:1 (cellkey_pkg.Rd:876): Warning: <h5> anchor "Usage" already defined
cellkey_pkg.html:1193:1 (cellkey_pkg.Rd:880): Warning: <h5> anchor "Returns" already defined
Flavors: r-devel-linux-x86_64-debian-clang, r-devel-linux-x86_64-debian-gcc
Version: 1.0.3
Check: installed package size
Result: NOTE
installed size is 5.9Mb
sub-directories of 1Mb or more:
data 5.5Mb
Flavors: r-oldrel-macos-arm64, r-oldrel-macos-x86_64