Last updated on 2025-10-24 09:49:57 CEST.
| Flavor | Version | Tinstall | Tcheck | Ttotal | Status | Flags |
|---|---|---|---|---|---|---|
| r-devel-linux-x86_64-debian-clang | 0.4.6 | 2.40 | 25.17 | 27.57 | NOTE | |
| r-devel-linux-x86_64-debian-gcc | 0.4.6 | 1.63 | 20.23 | 21.86 | OK | |
| r-devel-linux-x86_64-fedora-clang | 0.4.6 | 40.48 | OK | |||
| r-devel-linux-x86_64-fedora-gcc | 0.4.6 | 38.13 | OK | |||
| r-devel-windows-x86_64 | 0.4.6 | 3.00 | 43.00 | 46.00 | OK | |
| r-patched-linux-x86_64 | 0.4.6 | 2.31 | 22.70 | 25.01 | OK | |
| r-release-linux-x86_64 | 0.4.6 | 1.97 | 22.79 | 24.76 | OK | |
| r-release-macos-arm64 | 0.4.6 | 1.00 | 15.00 | 16.00 | OK | |
| r-release-macos-x86_64 | 0.4.6 | 4.00 | 34.00 | 38.00 | OK | |
| r-release-windows-x86_64 | 0.4.6 | 3.00 | 45.00 | 48.00 | OK | |
| r-oldrel-macos-arm64 | 0.4.6 | 2.00 | 19.00 | 21.00 | OK | |
| r-oldrel-macos-x86_64 | 0.4.6 | 2.00 | 20.00 | 22.00 | OK | |
| r-oldrel-windows-x86_64 | 0.4.6 | 4.00 | 55.00 | 59.00 | OK |
Version: 0.4.6
Check: HTML version of manual
Result: NOTE
Found the following HTML validation problems:
select_Uc.html:51:1 (select_Uc.Rd:12): Warning: missing </ul> before </div>
Flavor: r-devel-linux-x86_64-debian-clang