Last updated on 2025-10-21 09:48:26 CEST.
| Flavor | Version | Tinstall | Tcheck | Ttotal | Status | Flags | 
|---|---|---|---|---|---|---|
| r-devel-linux-x86_64-debian-clang | 1.0.0 | 2.05 | 22.67 | 24.72 | NOTE | |
| r-devel-linux-x86_64-debian-gcc | 1.0.0 | 1.52 | 18.35 | 19.87 | NOTE | |
| r-devel-linux-x86_64-fedora-clang | 1.0.0 | 37.44 | NOTE | |||
| r-devel-linux-x86_64-fedora-gcc | 1.0.0 | 35.84 | NOTE | |||
| r-devel-windows-x86_64 | 1.0.0 | 3.00 | 41.00 | 44.00 | NOTE | |
| r-patched-linux-x86_64 | 1.0.0 | 1.85 | 22.08 | 23.93 | NOTE | |
| r-release-linux-x86_64 | 1.0.0 | 2.02 | 21.82 | 23.84 | NOTE | |
| r-release-macos-arm64 | 1.0.0 | 17.00 | NOTE | |||
| r-release-macos-x86_64 | 1.0.0 | 24.00 | NOTE | |||
| r-release-windows-x86_64 | 1.0.0 | 4.00 | 41.00 | 45.00 | NOTE | |
| r-oldrel-macos-arm64 | 1.0.0 | 19.00 | NOTE | |||
| r-oldrel-macos-x86_64 | 1.0.0 | 22.00 | NOTE | |||
| r-oldrel-windows-x86_64 | 1.0.0 | 3.00 | 54.00 | 57.00 | NOTE | 
Version: 1.0.0
Check: package subdirectories
Result: NOTE
  Problems with news in ‘NEWS.md’:
  No news entries found.
Flavors: r-devel-linux-x86_64-debian-clang, r-devel-linux-x86_64-debian-gcc, r-devel-linux-x86_64-fedora-clang, r-devel-linux-x86_64-fedora-gcc, r-devel-windows-x86_64, r-patched-linux-x86_64, r-release-linux-x86_64, r-release-macos-arm64, r-release-macos-x86_64, r-release-windows-x86_64, r-oldrel-macos-arm64, r-oldrel-macos-x86_64, r-oldrel-windows-x86_64
Version: 1.0.0
Check: LazyData
Result: NOTE
    'LazyData' is specified without a 'data' directory
Flavors: r-oldrel-macos-arm64, r-oldrel-macos-x86_64, r-oldrel-windows-x86_64