Last updated on 2025-10-22 09:50:26 CEST.
Flavor | Version | Tinstall | Tcheck | Ttotal | Status | Flags |
---|---|---|---|---|---|---|
r-devel-linux-x86_64-debian-clang | 1.8.0 | 7.20 | 60.98 | 68.18 | NOTE | |
r-devel-linux-x86_64-debian-gcc | 1.8.0 | 4.67 | 43.93 | 48.60 | NOTE | |
r-devel-linux-x86_64-fedora-clang | 1.8.0 | 20.00 | 84.05 | 104.05 | OK | |
r-devel-linux-x86_64-fedora-gcc | 1.8.0 | 14.00 | 81.46 | 95.46 | OK | |
r-devel-windows-x86_64 | 1.8.0 | 8.00 | 103.00 | 111.00 | OK | |
r-patched-linux-x86_64 | 1.8.0 | 7.61 | 54.83 | 62.44 | OK | |
r-release-linux-x86_64 | 1.8.0 | 6.38 | 55.73 | 62.11 | OK | |
r-release-macos-arm64 | 1.8.0 | 3.00 | 51.00 | 54.00 | OK | |
r-release-macos-x86_64 | 1.8.0 | 9.00 | 78.00 | 87.00 | OK | |
r-release-windows-x86_64 | 1.8.0 | 12.00 | 97.00 | 109.00 | OK | |
r-oldrel-macos-arm64 | 1.8.0 | 3.00 | 54.00 | 57.00 | OK | |
r-oldrel-macos-x86_64 | 1.8.0 | 6.00 | 90.00 | 96.00 | OK | |
r-oldrel-windows-x86_64 | 1.8.0 | 11.00 | 112.00 | 123.00 | OK |
Version: 1.8.0
Check: HTML version of manual
Result: NOTE
Found the following HTML validation problems:
sedona_spatial_rdd_aggregation_routine.html:40:1 (sedona_spatial_rdd_aggregation_routine.Rd:7): Warning: missing </ul> before </div>
sedona_spatial_rdd_data_source.html:63:1 (sedona_spatial_rdd_data_source.Rd:20): Warning: missing </ul> before </div>
sedona_visualization_routines.html:94:1 (sedona_visualization_routines.Rd:40): Warning: missing </ul> before </div>
spatial_join_op.html:72:1 (spatial_join_op.Rd:31): Warning: missing </ul> before </div>
spatial_query.html:62:1 (spatial_query.Rd:22): Warning: missing </ul> before </div>
Flavors: r-devel-linux-x86_64-debian-clang, r-devel-linux-x86_64-debian-gcc