Last updated on 2025-10-21 09:48:24 CEST.
Flavor | Version | Tinstall | Tcheck | Ttotal | Status | Flags |
---|---|---|---|---|---|---|
r-devel-linux-x86_64-debian-clang | 0.3.2 | 2.23 | 26.91 | 29.14 | OK | |
r-devel-linux-x86_64-debian-gcc | 0.3.2 | 1.61 | 21.28 | 22.89 | NOTE | |
r-devel-linux-x86_64-fedora-clang | 0.3.2 | 41.76 | OK | |||
r-devel-linux-x86_64-fedora-gcc | 0.3.2 | 39.96 | OK | |||
r-devel-windows-x86_64 | 0.3.2 | 5.00 | 46.00 | 51.00 | OK | |
r-patched-linux-x86_64 | 0.3.2 | 2.50 | 23.93 | 26.43 | OK | |
r-release-linux-x86_64 | 0.3.2 | 2.15 | 24.27 | 26.42 | OK | |
r-release-macos-arm64 | 0.3.2 | 18.00 | OK | |||
r-release-macos-x86_64 | 0.3.2 | 30.00 | OK | |||
r-release-windows-x86_64 | 0.3.2 | 5.00 | 47.00 | 52.00 | OK | |
r-oldrel-macos-arm64 | 0.3.2 | 23.00 | OK | |||
r-oldrel-macos-x86_64 | 0.3.2 | 26.00 | OK | |||
r-oldrel-windows-x86_64 | 0.3.2 | 5.00 | 54.00 | 59.00 | OK |
Version: 0.3.2
Check: HTML version of manual
Result: NOTE
Found the following HTML validation problems:
build_id.html:46:1 (build_id.Rd:10): Warning: missing </ul> before </div>
carf_build_id.html:46:1 (carf_build_id.Rd:10): Warning: missing </ul> before </div>
clean_cnj.html:46:1 (clean_cnj.Rd:10): Warning: missing </ul> before </div>
clean_id.html:46:1 (clean_id.Rd:10): Warning: missing </ul> before </div>
file_sans_ext.html:46:1 (file_sans_ext.Rd:10): Warning: missing </ul> before </div>
gather_subjects.html:48:1 (gather_subjects.Rd:10): Warning: missing </ul> before </div>
precision.html:46:1 (precision.Rd:10): Warning: missing </ul> before </div>
reais.html:46:1 (reais.Rd:10): Warning: missing </ul> before </div>
separate_cnj.html:56:1 (separate_cnj.Rd:14): Warning: missing </ul> before </div>
write_data.html:54:1 (write_data.Rd:14): Warning: missing </ul> before </div>
Flavor: r-devel-linux-x86_64-debian-gcc