CRAN Package Check Results for Package WeightedCluster

Last updated on 2025-11-12 10:53:01 CET.

Flavor Version Tinstall Tcheck Ttotal Status Flags
r-devel-linux-x86_64-debian-clang 1.8-1 16.18 476.65 492.83 OK
r-devel-linux-x86_64-debian-gcc 1.8-1 11.58 318.75 330.33 OK
r-devel-linux-x86_64-fedora-clang 1.8-1 25.00 503.27 528.27 WARN
r-devel-linux-x86_64-fedora-gcc 1.8-1 30.00 730.80 760.80 WARN
r-devel-windows-x86_64 1.8-1 26.00 805.00 831.00 OK
r-patched-linux-x86_64 1.8-1 14.96 467.36 482.32 OK
r-release-linux-x86_64 1.8-1 15.74 461.10 476.84 OK
r-release-macos-arm64 1.8-1 9.00 389.00 398.00 OK
r-release-macos-x86_64 1.8-1 15.00 616.00 631.00 OK
r-release-windows-x86_64 1.8-1 26.00 794.00 820.00 OK
r-oldrel-macos-arm64 1.8-1 9.00 317.00 326.00 OK
r-oldrel-macos-x86_64 1.8-1 15.00 609.00 624.00 OK
r-oldrel-windows-x86_64 1.8-1 29.00 1050.00 1079.00 OK

Check Details

Version: 1.8-1
Check: re-building of vignette outputs
Result: WARN Error(s) in re-building vignettes: --- re-building ‘BigDataSA.Rmd’ using rmarkdown [WARNING] Deprecated: --highlight-style. Use --syntax-highlighting instead. --- finished re-building ‘BigDataSA.Rmd’ --- re-building ‘ClusterExternalValidSA.Rmd’ using rmarkdown [WARNING] Deprecated: --highlight-style. Use --syntax-highlighting instead. --- finished re-building ‘ClusterExternalValidSA.Rmd’ --- re-building ‘ClusterValidSA.Rmd’ using rmarkdown [WARNING] Deprecated: --highlight-style. Use --syntax-highlighting instead. --- finished re-building ‘ClusterValidSA.Rmd’ --- re-building ‘FuzzySA.Rmd’ using rmarkdown [WARNING] Deprecated: --highlight-style. Use --syntax-highlighting instead. --- finished re-building ‘FuzzySA.Rmd’ --- re-building ‘WeightedCluster.Rnw’ using knitr --- finished re-building ‘WeightedCluster.Rnw’ --- re-building ‘WeightedClusterFR.Rnw’ using knitr Error: processing vignette 'WeightedClusterFR.Rnw' failed with diagnostics: Running 'texi2dvi' on 'WeightedClusterFR.tex' failed. LaTeX errors: ! Undefined control sequence. \__hook begindocument ...fter {\bbl@main@language }\ifbbl@single \renewcomma... l.135 \begin{document} ! Emergency stop. \__hook begindocument ...fter {\bbl@main@language }\ifbbl@single \renewcomma... l.135 \begin{document} ! ==> Fatal error occurred, no output PDF file produced! --- failed re-building ‘WeightedClusterFR.Rnw’ --- re-building ‘WeightedClusterPreview.Rnw’ using knitr --- finished re-building ‘WeightedClusterPreview.Rnw’ SUMMARY: processing the following file failed: ‘WeightedClusterFR.Rnw’ Error: Vignette re-building failed. Execution halted Flavors: r-devel-linux-x86_64-fedora-clang, r-devel-linux-x86_64-fedora-gcc