CRAN Package Check Results for Package TreeDep

Last updated on 2025-11-11 10:50:18 CET.

Flavor Version Tinstall Tcheck Ttotal Status Flags
r-devel-linux-x86_64-debian-clang 0.1.3 9.99 82.32 92.31 NOTE
r-devel-linux-x86_64-debian-gcc 0.1.3 5.79 60.41 66.20 NOTE
r-devel-linux-x86_64-fedora-clang 0.1.3 20.00 121.65 141.65 OK
r-devel-linux-x86_64-fedora-gcc 0.1.3 18.00 124.50 142.50 OK
r-devel-windows-x86_64 0.1.3 12.00 111.00 123.00 OK
r-patched-linux-x86_64 0.1.3 9.92 78.87 88.79 OK
r-release-linux-x86_64 0.1.3 8.68 78.96 87.64 OK
r-release-macos-arm64 0.1.3 3.00 38.00 41.00 OK
r-release-macos-x86_64 0.1.3 7.00 67.00 74.00 OK
r-release-windows-x86_64 0.1.3 11.00 196.00 207.00 OK
r-oldrel-macos-arm64 0.1.3 4.00 35.00 39.00 OK
r-oldrel-macos-x86_64 0.1.3 6.00 57.00 63.00 OK
r-oldrel-windows-x86_64 0.1.3 14.00 131.00 145.00 OK

Check Details

Version: 0.1.3
Check: CRAN incoming feasibility
Result: NOTE Maintainer: ‘Silvestre Garcia de Jalon <s.garciadejalon@gmail.com>’ No Authors@R field in DESCRIPTION. Please add one, modifying Authors@R: person(given = c("Silvestre", "Garcia"), family = "de Jalon", role = c("aut", "cre"), email = "s.garciadejalon@gmail.com") as necessary. Flavors: r-devel-linux-x86_64-debian-clang, r-devel-linux-x86_64-debian-gcc