Last updated on 2025-11-11 10:50:17 CET.
| Flavor | Version | Tinstall | Tcheck | Ttotal | Status | Flags |
|---|---|---|---|---|---|---|
| r-devel-linux-x86_64-debian-clang | 0.1.3 | 14.36 | 120.54 | 134.90 | OK | |
| r-devel-linux-x86_64-debian-gcc | 0.1.3 | 8.43 | 91.12 | 99.55 | OK | |
| r-devel-linux-x86_64-fedora-clang | 0.1.3 | 34.00 | 178.97 | 212.97 | NOTE | |
| r-devel-linux-x86_64-fedora-gcc | 0.1.3 | 26.00 | 198.85 | 224.85 | NOTE | |
| r-devel-windows-x86_64 | 0.1.3 | 14.00 | 125.00 | 139.00 | OK | |
| r-patched-linux-x86_64 | 0.1.3 | 14.14 | 114.23 | 128.37 | OK | |
| r-release-linux-x86_64 | 0.1.3 | 10.32 | 114.88 | 125.20 | OK | |
| r-release-macos-arm64 | 0.1.3 | 6.00 | 60.00 | 66.00 | OK | |
| r-release-macos-x86_64 | 0.1.3 | 10.00 | 126.00 | 136.00 | OK | |
| r-release-windows-x86_64 | 0.1.3 | 16.00 | 232.00 | 248.00 | OK | |
| r-oldrel-macos-arm64 | 0.1.3 | 5.00 | 59.00 | 64.00 | OK | |
| r-oldrel-macos-x86_64 | 0.1.3 | 8.00 | 88.00 | 96.00 | OK | |
| r-oldrel-windows-x86_64 | 0.1.3 | 19.00 | 268.00 | 287.00 | OK |
Version: 0.1.3
Check: dependencies in R code
Result: NOTE
Namespaces in Imports field not imported from:
‘doParallel’ ‘forecast’ ‘parallel’ ‘tidyr’
All declared Imports should be used.
Flavors: r-devel-linux-x86_64-fedora-clang, r-devel-linux-x86_64-fedora-gcc