Last updated on 2024-06-10 09:49:16 CEST.
Flavor | Version | Tinstall | Tcheck | Ttotal | Status | Flags |
---|---|---|---|---|---|---|
r-devel-linux-x86_64-debian-clang | 0.14-0 | 82.27 | 90.41 | 172.68 | NOTE | |
r-devel-linux-x86_64-debian-gcc | 0.14-0 | 44.31 | 67.44 | 111.75 | NOTE | |
r-devel-linux-x86_64-fedora-clang | 0.14-0 | 238.36 | NOTE | |||
r-devel-linux-x86_64-fedora-gcc | 0.14-0 | 237.82 | NOTE | |||
r-devel-windows-x86_64 | 0.14-0 | 59.00 | 135.00 | 194.00 | NOTE | |
r-patched-linux-x86_64 | 0.14-0 | 63.24 | 87.89 | 151.13 | NOTE | |
r-release-linux-x86_64 | 0.14-0 | 63.29 | 84.75 | 148.04 | NOTE | |
r-release-macos-arm64 | 0.14-0 | 59.00 | NOTE | |||
r-release-macos-x86_64 | 0.14-0 | 104.00 | NOTE | |||
r-release-windows-x86_64 | 0.14-0 | 61.00 | 129.00 | 190.00 | NOTE | |
r-oldrel-macos-arm64 | 0.14-0 | 59.00 | OK | |||
r-oldrel-macos-x86_64 | 0.14-0 | 89.00 | OK | |||
r-oldrel-windows-x86_64 | 0.14-0 | 72.00 | 149.00 | 221.00 | OK |
Version: 0.14-0
Check: Rd files
Result: NOTE
checkRd: (-1) SpatialBSS-package.Rd:25: Lost braces in \itemize; meant \describe ?
checkRd: (-1) SpatialBSS-package.Rd:26: Lost braces in \itemize; meant \describe ?
checkRd: (-1) SpatialBSS-package.Rd:27: Lost braces in \itemize; meant \describe ?
checkRd: (-1) SpatialBSS-package.Rd:28: Lost braces in \itemize; meant \describe ?
Flavors: r-devel-linux-x86_64-debian-clang, r-devel-linux-x86_64-debian-gcc, r-devel-linux-x86_64-fedora-clang, r-devel-linux-x86_64-fedora-gcc, r-devel-windows-x86_64, r-patched-linux-x86_64, r-release-linux-x86_64, r-release-macos-arm64, r-release-macos-x86_64, r-release-windows-x86_64