Last updated on 2025-11-11 10:50:15 CET.
| Flavor | Version | Tinstall | Tcheck | Ttotal | Status | Flags |
|---|---|---|---|---|---|---|
| r-devel-linux-x86_64-debian-clang | 2025.2.1 | 88.15 | 110.72 | 198.87 | OK | |
| r-devel-linux-x86_64-debian-gcc | 2025.2.1 | 72.34 | 86.75 | 159.09 | OK | |
| r-devel-linux-x86_64-fedora-clang | 2025.2.1 | 167.00 | 135.37 | 302.37 | OK | |
| r-devel-linux-x86_64-fedora-gcc | 2025.2.1 | 248.00 | 125.18 | 373.18 | OK | |
| r-devel-windows-x86_64 | 2025.2.1 | 94.00 | 140.00 | 234.00 | OK | |
| r-patched-linux-x86_64 | 2025.2.1 | 101.44 | 109.66 | 211.10 | OK | |
| r-release-linux-x86_64 | 2025.2.1 | 100.70 | 110.30 | 211.00 | OK | |
| r-release-macos-arm64 | 2025.2.1 | 42.00 | 70.00 | 112.00 | OK | |
| r-release-macos-x86_64 | 2025.2.1 | 103.00 | 123.00 | 226.00 | OK | |
| r-release-windows-x86_64 | 2025.2.1 | 88.00 | 141.00 | 229.00 | OK | |
| r-oldrel-macos-arm64 | 2025.2.1 | 39.00 | 72.00 | 111.00 | NOTE | |
| r-oldrel-macos-x86_64 | 2025.2.1 | 112.00 | 138.00 | 250.00 | NOTE | |
| r-oldrel-windows-x86_64 | 2025.2.1 | 111.00 | 179.00 | 290.00 | NOTE |
Version: 2025.2.1
Check: installed package size
Result: NOTE
installed size is 47.7Mb
sub-directories of 1Mb or more:
libs 46.9Mb
Flavors: r-oldrel-macos-arm64, r-oldrel-macos-x86_64, r-oldrel-windows-x86_64