Last updated on 2025-10-22 09:50:51 CEST.
Flavor | Version | Tinstall | Tcheck | Ttotal | Status | Flags |
---|---|---|---|---|---|---|
r-devel-linux-x86_64-debian-clang | 0.8.7 | 1.92 | 24.41 | 26.33 | NOTE | |
r-devel-linux-x86_64-debian-gcc | 0.8.7 | 1.89 | 19.34 | 21.23 | NOTE | |
r-devel-linux-x86_64-fedora-clang | 0.8.7 | 15.00 | 28.20 | 43.20 | OK | |
r-devel-linux-x86_64-fedora-gcc | 0.8.7 | 37.36 | OK | |||
r-devel-windows-x86_64 | 0.8.7 | 4.00 | 42.00 | 46.00 | OK | |
r-patched-linux-x86_64 | 0.8.7 | 2.26 | 22.73 | 24.99 | OK | |
r-release-linux-x86_64 | 0.8.7 | 2.41 | 22.85 | 25.26 | OK | |
r-release-macos-arm64 | 0.8.7 | 1.00 | 16.00 | 17.00 | OK | |
r-release-macos-x86_64 | 0.8.7 | 2.00 | 27.00 | 29.00 | OK | |
r-release-windows-x86_64 | 0.8.7 | 4.00 | 44.00 | 48.00 | OK | |
r-oldrel-macos-arm64 | 0.8.7 | 1.00 | 20.00 | 21.00 | OK | |
r-oldrel-macos-x86_64 | 0.8.7 | 3.00 | 30.00 | 33.00 | OK | |
r-oldrel-windows-x86_64 | 0.8.7 | 4.00 | 50.00 | 54.00 | OK |
Version: 0.8.7
Check: top-level files
Result: NOTE
Found the following validation problem for the NEWS.Rd HTML conversion:
NEWS.html:222:1 (inst/NEWS.Rd:99): Warning: missing </ul> before </div>
NEWS.html:113:1 (inst/NEWS.Rd:48): Warning: <h4> anchor "Other-improvements" already defined
NEWS.html:136:1 (inst/NEWS.Rd:61): Warning: <h4> anchor "New-features+3A" already defined
NEWS.html:151:1 (inst/NEWS.Rd:68): Warning: <h4> anchor "Other-improvements" already defined
NEWS.html:166:1 (inst/NEWS.Rd:75): Warning: <h4> anchor "New-features+3A" already defined
NEWS.html:180:1 (inst/NEWS.Rd:81): Warning: <h4> anchor "Other-improvements" already defined
NEWS.html:196:1 (inst/NEWS.Rd:89): Warning: <h4> anchor "New-features+3A" already defined
NEWS.html:207:1 (inst/NEWS.Rd:94): Warning: <h4> anchor "Other-improvements" already defined
Flavors: r-devel-linux-x86_64-debian-clang, r-devel-linux-x86_64-debian-gcc