CRAN Package Check Results for Package RcmdrPlugin.cpd

Last updated on 2025-11-02 10:50:57 CET.

Flavor Version Tinstall Tcheck Ttotal Status Flags
r-devel-linux-x86_64-debian-clang 0.2.0 19.44 145.41 164.85 NOTE
r-devel-linux-x86_64-debian-gcc 0.2.0 14.46 108.44 122.90 NOTE
r-devel-linux-x86_64-fedora-clang 0.2.0 46.00 209.90 255.90 OK
r-devel-linux-x86_64-fedora-gcc 0.2.0 41.00 204.00 245.00 OK
r-devel-windows-x86_64 0.2.0 30.00 239.00 269.00 NOTE
r-patched-linux-x86_64 0.2.0 20.09 139.34 159.43 NOTE
r-release-linux-x86_64 0.2.0 21.04 136.51 157.55 NOTE
r-release-macos-arm64 0.2.0 12.00 76.00 88.00 OK
r-release-macos-x86_64 0.2.0 19.00 130.00 149.00 OK
r-release-windows-x86_64 0.2.0 31.00 224.00 255.00 NOTE
r-oldrel-macos-arm64 0.2.0 12.00 68.00 80.00 OK
r-oldrel-macos-x86_64 0.2.0 15.00 94.00 109.00 OK
r-oldrel-windows-x86_64 0.2.0 25.00 168.00 193.00 OK

Check Details

Version: 0.2.0
Check: Rd cross-references
Result: NOTE Found the following Rd file(s) with Rd \link{} targets missing package anchors: RcmdrPlugin.cpd.Rd: cpd, Rcmdr Please provide package anchors for all Rd \link{} targets not in the package itself and the base packages. Flavors: r-devel-linux-x86_64-debian-clang, r-devel-linux-x86_64-debian-gcc, r-devel-windows-x86_64, r-patched-linux-x86_64, r-release-linux-x86_64, r-release-windows-x86_64