Last updated on 2025-11-12 10:52:54 CET.
| Flavor | Version | Tinstall | Tcheck | Ttotal | Status | Flags |
|---|---|---|---|---|---|---|
| r-devel-linux-x86_64-debian-clang | 1.2-0 | 18.10 | 140.94 | 159.04 | NOTE | |
| r-devel-linux-x86_64-debian-gcc | 1.2-0 | 13.89 | 109.92 | 123.81 | NOTE | |
| r-devel-linux-x86_64-fedora-clang | 1.2-0 | 44.00 | 211.58 | 255.58 | OK | |
| r-devel-linux-x86_64-fedora-gcc | 1.2-0 | 41.00 | 205.11 | 246.11 | OK | |
| r-devel-windows-x86_64 | 1.2-0 | 35.00 | 255.00 | 290.00 | OK | |
| r-patched-linux-x86_64 | 1.2-0 | 19.76 | 142.56 | 162.32 | OK | |
| r-release-linux-x86_64 | 1.2-0 | 19.47 | 141.76 | 161.23 | OK | |
| r-release-macos-arm64 | 1.2-0 | 13.00 | 83.00 | 96.00 | OK | |
| r-release-macos-x86_64 | 1.2-0 | 19.00 | 126.00 | 145.00 | OK | |
| r-release-windows-x86_64 | 1.2-0 | 35.00 | 235.00 | 270.00 | OK | |
| r-oldrel-macos-arm64 | 1.2-0 | 12.00 | 78.00 | 90.00 | OK | |
| r-oldrel-macos-x86_64 | 1.2-0 | 15.00 | 100.00 | 115.00 | OK | |
| r-oldrel-windows-x86_64 | 1.2-0 | 28.00 | 204.00 | 232.00 | OK |
Version: 1.2-0
Check: CRAN incoming feasibility
Result: NOTE
Maintainer: ‘John Fox <jfox@mcmaster.ca>’
No Authors@R field in DESCRIPTION.
Please add one, modifying
Authors@R: person(given = "John",
family = "Fox",
role = c("aut", "cre"),
email = "jfox@mcmaster.ca")
as necessary.
Flavors: r-devel-linux-x86_64-debian-clang, r-devel-linux-x86_64-debian-gcc