Last updated on 2025-11-11 10:50:12 CET.
| Flavor | Version | Tinstall | Tcheck | Ttotal | Status | Flags |
|---|---|---|---|---|---|---|
| r-devel-linux-x86_64-debian-clang | 1.0.0 | 30.64 | 26.08 | 56.72 | OK | |
| r-devel-linux-x86_64-debian-gcc | 1.0.0 | 21.59 | 21.68 | 43.27 | OK | |
| r-devel-linux-x86_64-fedora-clang | 1.0.0 | 70.00 | 21.95 | 91.95 | OK | |
| r-devel-linux-x86_64-fedora-gcc | 1.0.0 | 81.00 | 19.78 | 100.78 | OK | |
| r-devel-windows-x86_64 | 1.0.0 | 33.00 | 60.00 | 93.00 | OK | |
| r-patched-linux-x86_64 | 1.0.0 | 34.39 | 23.97 | 58.36 | OK | |
| r-release-linux-x86_64 | 1.0.0 | 34.11 | 23.89 | 58.00 | OK | |
| r-release-macos-arm64 | 1.0.0 | 14.00 | 15.00 | 29.00 | OK | |
| r-release-macos-x86_64 | 1.0.0 | 24.00 | 25.00 | 49.00 | OK | |
| r-release-windows-x86_64 | 1.0.0 | 34.00 | 72.00 | 106.00 | OK | |
| r-oldrel-macos-arm64 | 1.0.0 | 13.00 | 15.00 | 28.00 | NOTE | |
| r-oldrel-macos-x86_64 | 1.0.0 | 20.00 | 21.00 | 41.00 | NOTE | |
| r-oldrel-windows-x86_64 | 1.0.0 | 41.00 | 98.00 | 139.00 | OK |
Version: 1.0.0
Check: installed package size
Result: NOTE
installed size is 14.7Mb
sub-directories of 1Mb or more:
libs 14.6Mb
Flavors: r-oldrel-macos-arm64, r-oldrel-macos-x86_64