Last updated on 2025-10-22 09:50:50 CEST.
Flavor | Version | Tinstall | Tcheck | Ttotal | Status | Flags |
---|---|---|---|---|---|---|
r-devel-linux-x86_64-debian-clang | 1.0-2 | 4.92 | 68.95 | 73.87 | NOTE | |
r-devel-linux-x86_64-debian-gcc | 1.0-2 | 4.41 | 48.22 | 52.63 | NOTE | |
r-devel-linux-x86_64-fedora-clang | 1.0-2 | 16.00 | 102.76 | 118.76 | OK | |
r-devel-linux-x86_64-fedora-gcc | 1.0-2 | 13.00 | 185.66 | 198.66 | OK | |
r-devel-windows-x86_64 | 1.0-2 | 7.00 | 88.00 | 95.00 | OK | |
r-patched-linux-x86_64 | 1.0-2 | 6.27 | 66.07 | 72.34 | OK | |
r-release-linux-x86_64 | 1.0-2 | 5.59 | 64.40 | 69.99 | OK | |
r-release-macos-arm64 | 1.0-2 | 3.00 | 67.00 | 70.00 | OK | |
r-release-macos-x86_64 | 1.0-2 | 5.00 | 110.00 | 115.00 | OK | |
r-release-windows-x86_64 | 1.0-2 | 8.00 | 91.00 | 99.00 | OK | |
r-oldrel-macos-arm64 | 1.0-2 | 3.00 | 47.00 | 50.00 | OK | |
r-oldrel-macos-x86_64 | 1.0-2 | 4.00 | 84.00 | 88.00 | OK | |
r-oldrel-windows-x86_64 | 1.0-2 | 9.00 | 101.00 | 110.00 | OK |
Version: 1.0-2
Check: HTML version of manual
Result: NOTE
Found the following HTML validation problems:
neos_control.html:124:1 (neos_control.Rd:62): Warning: missing </ul> before </div>
Flavors: r-devel-linux-x86_64-debian-clang, r-devel-linux-x86_64-debian-gcc