Last updated on 2025-10-24 09:50:16 CEST.
| Flavor | Version | Tinstall | Tcheck | Ttotal | Status | Flags |
|---|---|---|---|---|---|---|
| r-devel-linux-x86_64-debian-clang | 1.0-2 | 3.08 | 33.99 | 37.07 | NOTE | |
| r-devel-linux-x86_64-debian-gcc | 1.0-2 | 2.14 | 26.16 | 28.30 | OK | |
| r-devel-linux-x86_64-fedora-clang | 1.0-2 | 55.00 | OK | |||
| r-devel-linux-x86_64-fedora-gcc | 1.0-2 | 202.70 | OK | |||
| r-devel-windows-x86_64 | 1.0-2 | 4.00 | 47.00 | 51.00 | OK | |
| r-patched-linux-x86_64 | 1.0-2 | 2.82 | 31.12 | 33.94 | OK | |
| r-release-linux-x86_64 | 1.0-2 | 3.03 | 30.95 | 33.98 | OK | |
| r-release-macos-arm64 | 1.0-2 | 2.00 | 53.00 | 55.00 | OK | |
| r-release-macos-x86_64 | 1.0-2 | 3.00 | 94.00 | 97.00 | OK | |
| r-release-windows-x86_64 | 1.0-2 | 5.00 | 51.00 | 56.00 | OK | |
| r-oldrel-macos-arm64 | 1.0-2 | 1.00 | 50.00 | 51.00 | OK | |
| r-oldrel-macos-x86_64 | 1.0-2 | 2.00 | 74.00 | 76.00 | OK | |
| r-oldrel-windows-x86_64 | 1.0-2 | 6.00 | 57.00 | 63.00 | OK |
Version: 1.0-2
Check: HTML version of manual
Result: NOTE
Found the following HTML validation problems:
control.html:280:1 (control.Rd:150): Warning: missing </ul> before </div>
Flavor: r-devel-linux-x86_64-debian-clang