Last updated on 2025-10-22 09:50:49 CEST.
Flavor | Version | Tinstall | Tcheck | Ttotal | Status | Flags |
---|---|---|---|---|---|---|
r-devel-linux-x86_64-debian-clang | 1.2.1 | 15.69 | 123.31 | 139.00 | NOTE | |
r-devel-linux-x86_64-debian-gcc | 1.2.1 | 10.72 | 87.60 | 98.32 | NOTE | |
r-devel-linux-x86_64-fedora-clang | 1.2.1 | 73.00 | 149.02 | 222.02 | OK | |
r-devel-linux-x86_64-fedora-gcc | 1.2.1 | 32.00 | 165.20 | 197.20 | OK | |
r-devel-windows-x86_64 | 1.2.1 | 18.00 | 137.00 | 155.00 | OK | |
r-patched-linux-x86_64 | 1.2.1 | 16.04 | 114.33 | 130.37 | OK | |
r-release-linux-x86_64 | 1.2.1 | 15.78 | 114.58 | 130.36 | OK | |
r-release-macos-arm64 | 1.2.1 | 7.00 | 80.00 | 87.00 | OK | |
r-release-macos-x86_64 | 1.2.1 | 15.00 | 138.00 | 153.00 | OK | |
r-release-windows-x86_64 | 1.2.1 | 22.00 | 140.00 | 162.00 | OK | |
r-oldrel-macos-arm64 | 1.2.1 | 7.00 | 85.00 | 92.00 | OK | |
r-oldrel-macos-x86_64 | 1.2.1 | 16.00 | 140.00 | 156.00 | OK | |
r-oldrel-windows-x86_64 | 1.2.1 | 23.00 | 181.00 | 204.00 | OK |
Version: 1.2.1
Check: HTML version of manual
Result: NOTE
Found the following HTML validation problems:
KorAPCorpusStats-class.html:47:1 (KorAPCorpusStats-class.Rd:12): Warning: missing </ul> before </div>
KorAPQuery-class.html:74:1 (KorAPQuery-class.Rd:38): Warning: missing </ul> before </div>
apiCall-KorAPConnection-method.html:66:1 (apiCall-KorAPConnection-method.Rd:24): Warning: missing </ul> before </div>
initialize-KorAPQuery-method.html:105:1 (initialize-KorAPQuery-method.Rd:46): Warning: missing </ul> before </div>
log_info.html:52:1 (log_info.Rd:12): Warning: missing </ul> before </div>
show-KorAPConnection-method.html:47:1 (show-KorAPConnection-method.Rd:10): Warning: missing </ul> before </div>
Flavors: r-devel-linux-x86_64-debian-clang, r-devel-linux-x86_64-debian-gcc