CRAN Package Check Results for Package QCSimulator

Last updated on 2025-10-22 09:50:47 CEST.

Flavor Version Tinstall Tcheck Ttotal Status Flags
r-devel-linux-x86_64-debian-clang 0.0.1 5.76 64.30 70.06 NOTE
r-devel-linux-x86_64-debian-gcc 0.0.1 4.62 44.76 49.38 NOTE
r-devel-linux-x86_64-fedora-clang 0.0.1 13.00 94.39 107.39 OK
r-devel-linux-x86_64-fedora-gcc 0.0.1 12.00 86.87 98.87 OK
r-devel-windows-x86_64 0.0.1 8.00 85.00 93.00 OK
r-patched-linux-x86_64 0.0.1 7.90 60.20 68.10 OK
r-release-linux-x86_64 0.0.1 6.10 59.76 65.86 OK
r-release-macos-arm64 0.0.1 2.00 26.00 28.00 OK
r-release-macos-x86_64 0.0.1 5.00 49.00 54.00 OK
r-release-windows-x86_64 0.0.1 9.00 87.00 96.00 OK
r-oldrel-macos-arm64 0.0.1 3.00 24.00 27.00 NOTE
r-oldrel-macos-x86_64 0.0.1 4.00 36.00 40.00 NOTE
r-oldrel-windows-x86_64 0.0.1 12.00 102.00 114.00 NOTE

Check Details

Version: 0.0.1
Check: CRAN incoming feasibility
Result: NOTE Maintainer: ‘Tinniam V Ganesh<tvganesh.85@gmail.com>’ No Authors@R field in DESCRIPTION. Please add one, modifying Authors@R: person(given = c("Tinniam", "V"), family = "Ganesh", role = c("aut", "cre"), email = "tvganesh.85@gmail.com") as necessary. Flavors: r-devel-linux-x86_64-debian-clang, r-devel-linux-x86_64-debian-gcc

Version: 0.0.1
Check: LazyData
Result: NOTE 'LazyData' is specified without a 'data' directory Flavors: r-oldrel-macos-arm64, r-oldrel-macos-x86_64, r-oldrel-windows-x86_64