Last updated on 2025-10-24 09:50:13 CEST.
| Flavor | Version | Tinstall | Tcheck | Ttotal | Status | Flags |
|---|---|---|---|---|---|---|
| r-devel-linux-x86_64-debian-clang | 2.1.4 | 11.61 | 79.40 | 91.01 | OK | |
| r-devel-linux-x86_64-debian-gcc | 2.1.4 | 7.54 | 53.62 | 61.16 | OK | |
| r-devel-linux-x86_64-fedora-clang | 2.1.4 | 75.00 | 74.12 | 149.12 | OK | |
| r-devel-linux-x86_64-fedora-gcc | 2.1.4 | 20.00 | 109.97 | 129.97 | OK | |
| r-devel-windows-x86_64 | 2.1.4 | 14.00 | 86.00 | 100.00 | OK | |
| r-patched-linux-x86_64 | 2.1.4 | 10.84 | 72.59 | 83.43 | NOTE | |
| r-release-linux-x86_64 | 2.1.4 | 9.80 | 73.88 | 83.68 | NOTE | |
| r-release-macos-arm64 | 2.1.4 | 5.00 | 33.00 | 38.00 | OK | |
| r-release-macos-x86_64 | 2.1.4 | 11.00 | 82.00 | 93.00 | OK | |
| r-release-windows-x86_64 | 2.1.4 | 21.00 | 153.00 | 174.00 | OK | |
| r-oldrel-macos-arm64 | 2.1.4 | 5.00 | 36.00 | 41.00 | OK | |
| r-oldrel-macos-x86_64 | 2.1.4 | 10.00 | 88.00 | 98.00 | OK | |
| r-oldrel-windows-x86_64 | 2.1.4 | 15.00 | 106.00 | 121.00 | OK |
Version: 2.1.4
Check: DESCRIPTION meta-information
Result: NOTE
Dependence on R version ‘4.3.3’ not with patchlevel 0
Flavors: r-patched-linux-x86_64, r-release-linux-x86_64