Last updated on 2025-10-22 09:50:45 CEST.
Flavor | Version | Tinstall | Tcheck | Ttotal | Status | Flags |
---|---|---|---|---|---|---|
r-devel-linux-x86_64-debian-clang | 0.2.1 | 21.19 | 57.72 | 78.91 | NOTE | |
r-devel-linux-x86_64-debian-gcc | 0.2.1 | 13.74 | 39.31 | 53.05 | NOTE | |
r-devel-linux-x86_64-fedora-clang | 0.2.1 | 43.00 | 92.32 | 135.32 | OK | |
r-devel-linux-x86_64-fedora-gcc | 0.2.1 | 51.00 | 81.63 | 132.63 | OK | |
r-devel-windows-x86_64 | 0.2.1 | 28.00 | 90.00 | 118.00 | OK | |
r-patched-linux-x86_64 | 0.2.1 | 22.12 | 50.39 | 72.51 | OK | |
r-release-linux-x86_64 | 0.2.1 | 23.66 | 50.27 | 73.93 | OK | |
r-release-macos-arm64 | 0.2.1 | 9.00 | 57.00 | 66.00 | OK | |
r-release-macos-x86_64 | 0.2.1 | 14.00 | 90.00 | 104.00 | OK | |
r-release-windows-x86_64 | 0.2.1 | 28.00 | 90.00 | 118.00 | OK | |
r-oldrel-macos-arm64 | 0.2.1 | 8.00 | 65.00 | 73.00 | OK | |
r-oldrel-macos-x86_64 | 0.2.1 | 14.00 | 107.00 | 121.00 | OK | |
r-oldrel-windows-x86_64 | 0.2.1 | 32.00 | 112.00 | 144.00 | OK |
Version: 0.2.1
Check: HTML version of manual
Result: NOTE
Found the following HTML validation problems:
print.plfd.html:51:1 (print.plfd.Rd:12): Warning: missing </ul> before </div>
Flavors: r-devel-linux-x86_64-debian-clang, r-devel-linux-x86_64-debian-gcc