Last updated on 2025-10-22 09:50:40 CEST.
Flavor | Version | Tinstall | Tcheck | Ttotal | Status | Flags |
---|---|---|---|---|---|---|
r-devel-linux-x86_64-debian-clang | 0.4.0 | 11.25 | 86.97 | 98.22 | NOTE | |
r-devel-linux-x86_64-debian-gcc | 0.4.0 | 7.86 | 61.50 | 69.36 | NOTE | |
r-devel-linux-x86_64-fedora-clang | 0.4.0 | 51.00 | 108.54 | 159.54 | OK | |
r-devel-linux-x86_64-fedora-gcc | 0.4.0 | 55.00 | 97.39 | 152.39 | OK | |
r-devel-windows-x86_64 | 0.4.0 | 13.00 | 91.00 | 104.00 | OK | |
r-patched-linux-x86_64 | 0.4.0 | 12.09 | 80.70 | 92.79 | OK | |
r-release-linux-x86_64 | 0.4.0 | 11.21 | 81.53 | 92.74 | OK | |
r-release-macos-arm64 | 0.4.0 | 5.00 | 38.00 | 43.00 | OK | |
r-release-macos-x86_64 | 0.4.0 | 11.00 | 73.00 | 84.00 | OK | |
r-release-windows-x86_64 | 0.4.0 | 13.00 | 93.00 | 106.00 | OK | |
r-oldrel-macos-arm64 | 0.4.0 | 6.00 | 46.00 | 52.00 | OK | |
r-oldrel-macos-x86_64 | 0.4.0 | 10.00 | 71.00 | 81.00 | OK | |
r-oldrel-windows-x86_64 | 0.4.0 | 16.00 | 113.00 | 129.00 | OK |
Version: 0.4.0
Check: HTML version of manual
Result: NOTE
Found the following HTML validation problems:
MatSqrtInverse.html:46:1 (MatSqrtInverse.Rd:10): Warning: missing </ul> before </div>
pool_pv.html:58:1 (pool_pv.Rd:16): Warning: missing </ul> before </div>
summary.mixPV.html:55:1 (summary.mixPV.Rd:14): Warning: missing </ul> before </div>
summary_all.html:46:1 (summary_all.Rd:10): Warning: missing </ul> before </div>
tidy.mixPV.html:55:1 (tidy.mixPV.Rd:14): Warning: missing </ul> before </div>
Flavors: r-devel-linux-x86_64-debian-clang, r-devel-linux-x86_64-debian-gcc