Last updated on 2024-06-10 09:49:08 CEST.
Flavor | Version | Tinstall | Tcheck | Ttotal | Status | Flags |
---|---|---|---|---|---|---|
r-devel-linux-x86_64-debian-clang | 3.1.2 | 33.24 | 317.11 | 350.35 | OK | |
r-devel-linux-x86_64-debian-gcc | 3.1.2 | 22.83 | 209.01 | 231.84 | OK | |
r-devel-linux-x86_64-fedora-clang | 3.1.2 | 421.10 | NOTE | |||
r-devel-linux-x86_64-fedora-gcc | 3.1.2 | 394.16 | OK | |||
r-devel-windows-x86_64 | 3.1.2 | 32.00 | 222.00 | 254.00 | OK | |
r-patched-linux-x86_64 | 3.1.2 | 35.49 | 281.92 | 317.41 | OK | |
r-release-linux-x86_64 | 3.1.2 | 35.16 | 286.83 | 321.99 | OK | |
r-release-macos-arm64 | 3.1.2 | 97.00 | OK | |||
r-release-macos-x86_64 | 3.1.2 | 215.00 | OK | |||
r-release-windows-x86_64 | 3.1.2 | 33.00 | 226.00 | 259.00 | OK | |
r-oldrel-macos-arm64 | 3.1.2 | 113.00 | OK | |||
r-oldrel-macos-x86_64 | 3.1.2 | 224.00 | OK | |||
r-oldrel-windows-x86_64 | 3.1.2 | 43.00 | 263.00 | 306.00 | OK |
Version: 3.1.2
Check: installed package size
Result: NOTE
installed size is 7.2Mb
sub-directories of 1Mb or more:
libs 5.5Mb
Flavor: r-devel-linux-x86_64-fedora-clang