Last updated on 2025-10-21 09:48:33 CEST.
Flavor | Version | Tinstall | Tcheck | Ttotal | Status | Flags |
---|---|---|---|---|---|---|
r-devel-linux-x86_64-debian-clang | 0.0.3 | 6.95 | 69.83 | 76.78 | NOTE | |
r-devel-linux-x86_64-debian-gcc | 0.0.3 | 4.25 | 49.65 | 53.90 | NOTE | |
r-devel-linux-x86_64-fedora-clang | 0.0.3 | 110.70 | OK | |||
r-devel-linux-x86_64-fedora-gcc | 0.0.3 | 107.59 | OK | |||
r-devel-windows-x86_64 | 0.0.3 | 8.00 | 79.00 | 87.00 | NOTE | |
r-patched-linux-x86_64 | 0.0.3 | 6.74 | 64.76 | 71.50 | NOTE | |
r-release-linux-x86_64 | 0.0.3 | 6.20 | 64.10 | 70.30 | NOTE | |
r-release-macos-arm64 | 0.0.3 | 46.00 | OK | |||
r-release-macos-x86_64 | 0.0.3 | 54.00 | OK | |||
r-release-windows-x86_64 | 0.0.3 | 8.00 | 81.00 | 89.00 | NOTE | |
r-oldrel-macos-arm64 | 0.0.3 | 30.00 | OK | |||
r-oldrel-macos-x86_64 | 0.0.3 | 48.00 | OK | |||
r-oldrel-windows-x86_64 | 0.0.3 | 11.00 | 97.00 | 108.00 | OK |
Version: 0.0.3
Check: Rd cross-references
Result: NOTE
Found the following Rd file(s) with Rd \link{} targets missing package
anchors:
Fuzzy_DBScan.Rd: data.table
Please provide package anchors for all Rd \link{} targets not in the
package itself and the base packages.
Flavors: r-devel-linux-x86_64-debian-clang, r-devel-linux-x86_64-debian-gcc, r-devel-windows-x86_64, r-patched-linux-x86_64, r-release-linux-x86_64, r-release-windows-x86_64
Version: 0.0.3
Check: HTML version of manual
Result: NOTE
Found the following HTML validation problems:
Fuzzy_DBScan.html:178:1 (Fuzzy_DBScan.Rd:147): Warning: <h5> anchor "Usage" already defined
Fuzzy_DBScan.html:184:1 (Fuzzy_DBScan.Rd:151): Warning: <h5> anchor "Arguments" already defined
Fuzzy_DBScan.html:223:1 (Fuzzy_DBScan.Rd:180): Warning: <h5> anchor "Usage" already defined
Fuzzy_DBScan.html:229:1 (Fuzzy_DBScan.Rd:184): Warning: <h5> anchor "Arguments" already defined
Fuzzy_DBScan.html:256:1 (Fuzzy_DBScan.Rd:201): Warning: <h5> anchor "Usage" already defined
Fuzzy_DBScan.html:262:1 (Fuzzy_DBScan.Rd:205): Warning: <h5> anchor "Arguments" already defined
Flavor: r-devel-linux-x86_64-debian-gcc