Last updated on 2025-10-22 09:50:33 CEST.
Flavor | Version | Tinstall | Tcheck | Ttotal | Status | Flags |
---|---|---|---|---|---|---|
r-devel-linux-x86_64-debian-clang | 0.3.13 | 67.49 | 65.83 | 133.32 | OK | |
r-devel-linux-x86_64-debian-gcc | 0.3.13 | 49.60 | 50.58 | 100.18 | OK | |
r-devel-linux-x86_64-fedora-clang | 0.3.13 | 126.00 | 104.54 | 230.54 | OK | |
r-devel-linux-x86_64-fedora-gcc | 0.3.13 | 303.00 | -14.73 | 288.27 | OK | |
r-devel-windows-x86_64 | 0.3.13 | 84.00 | 104.00 | 188.00 | OK | |
r-patched-linux-x86_64 | 0.3.13 | 72.33 | 62.55 | 134.88 | OK | |
r-release-linux-x86_64 | 0.3.13 | 73.29 | 62.38 | 135.67 | OK | |
r-release-macos-arm64 | 0.3.13 | 39.00 | 51.00 | 90.00 | OK | |
r-release-macos-x86_64 | 0.3.13 | 32.00 | 96.00 | 128.00 | OK | |
r-release-windows-x86_64 | 0.3.13 | 84.00 | 104.00 | 188.00 | OK | |
r-oldrel-macos-arm64 | 0.3.13 | 27.00 | 46.00 | 73.00 | NOTE | |
r-oldrel-macos-x86_64 | 0.3.13 | 31.00 | 90.00 | 121.00 | NOTE | |
r-oldrel-windows-x86_64 | 0.3.13 | 97.00 | 125.00 | 222.00 | OK |
Version: 0.3.13
Check: package dependencies
Result: NOTE
Package suggested but not available for checking: ‘RTCGA.rnaseq’
Flavor: r-oldrel-macos-arm64
Version: 0.3.13
Check: installed package size
Result: NOTE
installed size is 10.1Mb
sub-directories of 1Mb or more:
libs 9.7Mb
Flavors: r-oldrel-macos-arm64, r-oldrel-macos-x86_64