Last updated on 2025-11-12 10:52:43 CET.
| Flavor | Version | Tinstall | Tcheck | Ttotal | Status | Flags |
|---|---|---|---|---|---|---|
| r-devel-linux-x86_64-debian-clang | 1.0.1 | 2.13 | 25.30 | 27.43 | NOTE | |
| r-devel-linux-x86_64-debian-gcc | 1.0.1 | 1.95 | 20.36 | 22.31 | NOTE | |
| r-devel-linux-x86_64-fedora-clang | 1.0.1 | 39.13 | NOTE | |||
| r-devel-linux-x86_64-fedora-gcc | 1.0.1 | 37.37 | NOTE | |||
| r-devel-windows-x86_64 | 1.0.1 | 4.00 | 42.00 | 46.00 | NOTE | |
| r-patched-linux-x86_64 | 1.0.1 | 2.18 | 23.25 | 25.43 | NOTE | |
| r-release-linux-x86_64 | 1.0.1 | 1.97 | 22.79 | 24.76 | NOTE | |
| r-release-macos-arm64 | 1.0.1 | 2.00 | 19.00 | 21.00 | NOTE | |
| r-release-macos-x86_64 | 1.0.1 | 2.00 | 28.00 | 30.00 | NOTE | |
| r-release-windows-x86_64 | 1.0.1 | 3.00 | 42.00 | 45.00 | NOTE | |
| r-oldrel-macos-arm64 | 1.0.1 | 1.00 | 18.00 | 19.00 | NOTE | |
| r-oldrel-macos-x86_64 | 1.0.1 | 2.00 | 24.00 | 26.00 | NOTE | |
| r-oldrel-windows-x86_64 | 1.0.1 | 5.00 | 48.00 | 53.00 | NOTE |
Version: 1.0.1
Check: Rd files
Result: NOTE
checkRd: (-1) p.fdr.Rd:30: Lost braces
30 | \item{adjust.method}{A string used to identify the p-value and false discovery rate adjustment method. Defaults to \code{BH}. Options are \code{BH}, \code{BY}, code{Bon},\code{Holm}, \code{Hoch}, and \code{Sidak}.}
| ^
Flavors: r-devel-linux-x86_64-debian-clang, r-devel-linux-x86_64-debian-gcc, r-devel-linux-x86_64-fedora-clang, r-devel-linux-x86_64-fedora-gcc, r-devel-windows-x86_64, r-patched-linux-x86_64, r-release-linux-x86_64, r-release-macos-arm64, r-release-macos-x86_64, r-release-windows-x86_64, r-oldrel-macos-arm64, r-oldrel-macos-x86_64, r-oldrel-windows-x86_64