Last updated on 2025-11-11 10:50:00 CET.
| Flavor | Version | Tinstall | Tcheck | Ttotal | Status | Flags |
|---|---|---|---|---|---|---|
| r-devel-linux-x86_64-debian-clang | 0.3.0 | 13.52 | 101.64 | 115.16 | NOTE | |
| r-devel-linux-x86_64-debian-gcc | 0.3.0 | 9.38 | 73.47 | 82.85 | NOTE | |
| r-devel-linux-x86_64-fedora-clang | 0.3.0 | 71.00 | 114.23 | 185.23 | OK | |
| r-devel-linux-x86_64-fedora-gcc | 0.3.0 | 26.00 | 140.17 | 166.17 | OK | |
| r-devel-windows-x86_64 | 0.3.0 | 16.00 | 101.00 | 117.00 | OK | |
| r-patched-linux-x86_64 | 0.3.0 | 13.26 | 93.49 | 106.75 | OK | |
| r-release-linux-x86_64 | 0.3.0 | 10.30 | 93.31 | 103.61 | OK | |
| r-release-macos-arm64 | 0.3.0 | 5.00 | 42.00 | 47.00 | OK | |
| r-release-macos-x86_64 | 0.3.0 | 10.00 | 68.00 | 78.00 | OK | |
| r-release-windows-x86_64 | 0.3.0 | 17.00 | 109.00 | 126.00 | OK | |
| r-oldrel-macos-arm64 | 0.3.0 | 6.00 | 41.00 | 47.00 | OK | |
| r-oldrel-macos-x86_64 | 0.3.0 | 9.00 | 58.00 | 67.00 | OK | |
| r-oldrel-windows-x86_64 | 0.3.0 | 21.00 | 142.00 | 163.00 | OK |
Version: 0.3.0
Check: CRAN incoming feasibility
Result: NOTE
Maintainer: ‘Sowmya Chandrasekaran <sowzz.17@gmail.com>’
Package CITATION file contains call(s) to old-style personList() or
as.personList(). Please use c() on person objects instead.
Flavors: r-devel-linux-x86_64-debian-clang, r-devel-linux-x86_64-debian-gcc