Last updated on 2024-06-10 09:49:04 CEST.
Flavor | Version | Tinstall | Tcheck | Ttotal | Status | Flags |
---|---|---|---|---|---|---|
r-devel-linux-x86_64-debian-clang | 1.0.0 | 11.47 | 99.88 | 111.35 | OK | |
r-devel-linux-x86_64-debian-gcc | 1.0.0 | 9.22 | 74.97 | 84.19 | OK | |
r-devel-linux-x86_64-fedora-clang | 1.0.0 | 138.24 | OK | |||
r-devel-linux-x86_64-fedora-gcc | 1.0.0 | 132.31 | OK | |||
r-devel-windows-x86_64 | 1.0.0 | 10.00 | 84.00 | 94.00 | OK | |
r-patched-linux-x86_64 | 1.0.0 | 10.99 | 94.98 | 105.97 | OK | |
r-release-linux-x86_64 | 1.0.0 | 8.04 | 95.51 | 103.55 | OK | |
r-release-macos-arm64 | 1.0.0 | 46.00 | OK | |||
r-release-macos-x86_64 | 1.0.0 | 74.00 | OK | |||
r-release-windows-x86_64 | 1.0.0 | 11.00 | 8.00 | 19.00 | ERROR | |
r-oldrel-macos-arm64 | 1.0.0 | 43.00 | OK | |||
r-oldrel-macos-x86_64 | 1.0.0 | 75.00 | OK | |||
r-oldrel-windows-x86_64 | 1.0.0 | 14.00 | 104.00 | 118.00 | OK |
Version: 1.0.0
Check: whether the package can be loaded
Result: ERROR
Loading this package had a fatal error status code 1033
Loading log:
Mingw-w64 runtime failure:
VirtualProtect failed with code 0x5af
Flavor: r-release-windows-x86_64