Last updated on 2025-11-11 10:49:59 CET.
| Flavor | Version | Tinstall | Tcheck | Ttotal | Status | Flags |
|---|---|---|---|---|---|---|
| r-devel-linux-x86_64-debian-clang | 0.1.0 | 2.25 | 55.94 | 58.19 | OK | |
| r-devel-linux-x86_64-debian-gcc | 0.1.0 | 1.26 | 35.55 | 36.81 | OK | |
| r-devel-linux-x86_64-fedora-clang | 0.1.0 | 85.04 | NOTE | |||
| r-devel-linux-x86_64-fedora-gcc | 0.1.0 | 82.44 | NOTE | |||
| r-devel-windows-x86_64 | 0.1.0 | 4.00 | 72.00 | 76.00 | OK | |
| r-patched-linux-x86_64 | 0.1.0 | 2.63 | 47.86 | 50.49 | OK | |
| r-release-linux-x86_64 | 0.1.0 | 2.02 | 48.51 | 50.53 | OK | |
| r-release-macos-arm64 | 0.1.0 | 1.00 | 29.00 | 30.00 | OK | |
| r-release-macos-x86_64 | 0.1.0 | 2.00 | 48.00 | 50.00 | OK | |
| r-release-windows-x86_64 | 0.1.0 | 4.00 | 71.00 | 75.00 | OK | |
| r-oldrel-macos-arm64 | 0.1.0 | 1.00 | 28.00 | 29.00 | OK | |
| r-oldrel-macos-x86_64 | 0.1.0 | 2.00 | 39.00 | 41.00 | OK | |
| r-oldrel-windows-x86_64 | 0.1.0 | 5.00 | 83.00 | 88.00 | OK |
Version: 0.1.0
Check: dependencies in R code
Result: NOTE
Namespace in Imports field not imported from: ‘qcr’
All declared Imports should be used.
Flavors: r-devel-linux-x86_64-fedora-clang, r-devel-linux-x86_64-fedora-gcc