Last updated on 2025-10-21 09:48:29 CEST.
| Flavor | Version | Tinstall | Tcheck | Ttotal | Status | Flags | 
|---|---|---|---|---|---|---|
| r-devel-linux-x86_64-debian-clang | 0.0.2 | 7.41 | 61.92 | 69.33 | NOTE | |
| r-devel-linux-x86_64-debian-gcc | 0.0.2 | 5.02 | 46.12 | 51.14 | NOTE | |
| r-devel-linux-x86_64-fedora-clang | 0.0.2 | 106.40 | OK | |||
| r-devel-linux-x86_64-fedora-gcc | 0.0.2 | 98.80 | OK | |||
| r-devel-windows-x86_64 | 0.0.2 | 9.00 | 70.00 | 79.00 | OK | |
| r-patched-linux-x86_64 | 0.0.2 | 7.80 | 58.18 | 65.98 | OK | |
| r-release-linux-x86_64 | 0.0.2 | 7.61 | 56.79 | 64.40 | OK | |
| r-release-macos-arm64 | 0.0.2 | 34.00 | OK | |||
| r-release-macos-x86_64 | 0.0.2 | 50.00 | OK | |||
| r-release-windows-x86_64 | 0.0.2 | 10.00 | 73.00 | 83.00 | OK | |
| r-oldrel-macos-arm64 | 0.0.2 | 28.00 | OK | |||
| r-oldrel-macos-x86_64 | 0.0.2 | 41.00 | OK | |||
| r-oldrel-windows-x86_64 | 0.0.2 | 12.00 | 91.00 | 103.00 | OK | 
Version: 0.0.2
Check: CRAN incoming feasibility
Result: NOTE
  Maintainer: ‘Christopher Casement <casementc@gmail.com>’
  
  Package CITATION file contains call(s) to old-style personList() or
  as.personList().  Please use c() on person objects instead.
  Package CITATION file contains call(s) to old-style citEntry().  Please
  use bibentry() instead.
Flavors: r-devel-linux-x86_64-debian-clang, r-devel-linux-x86_64-debian-gcc