Last updated on 2025-10-22 09:50:30 CEST.
Flavor | Version | Tinstall | Tcheck | Ttotal | Status | Flags |
---|---|---|---|---|---|---|
r-devel-linux-x86_64-debian-clang | 3.1-3 | 5.89 | 55.29 | 61.18 | NOTE | |
r-devel-linux-x86_64-debian-gcc | 3.1-3 | 4.51 | 41.31 | 45.82 | NOTE | |
r-devel-linux-x86_64-fedora-clang | 3.1-3 | 12.00 | 85.85 | 97.85 | OK | |
r-devel-linux-x86_64-fedora-gcc | 3.1-3 | 21.00 | 126.48 | 147.48 | OK | |
r-devel-windows-x86_64 | 3.1-3 | 8.00 | 71.00 | 79.00 | OK | |
r-patched-linux-x86_64 | 3.1-3 | 6.84 | 51.72 | 58.56 | OK | |
r-release-linux-x86_64 | 3.1-3 | 5.60 | 50.47 | 56.07 | OK | |
r-release-macos-arm64 | 3.1-3 | 3.00 | 72.00 | 75.00 | OK | |
r-release-macos-x86_64 | 3.1-3 | 6.00 | 81.00 | 87.00 | OK | |
r-release-windows-x86_64 | 3.1-3 | 8.00 | 71.00 | 79.00 | OK | |
r-oldrel-macos-arm64 | 3.1-3 | 3.00 | 45.00 | 48.00 | OK | |
r-oldrel-macos-x86_64 | 3.1-3 | 5.00 | 93.00 | 98.00 | OK | |
r-oldrel-windows-x86_64 | 3.1-3 | 12.00 | 83.00 | 95.00 | OK |
Version: 3.1-3
Check: HTML version of manual
Result: NOTE
Found the following HTML validation problems:
combn.design.html:52:1 (combn.design.Rd:14): Warning: missing </ul> before </div>
mesh_level.html:66:1 (mesh_level.Rd:20): Warning: missing </ul> before </div>
Flavors: r-devel-linux-x86_64-debian-clang, r-devel-linux-x86_64-debian-gcc