CRAN Package Check Results for Package CorrToolBox

Last updated on 2025-11-11 10:49:57 CET.

Flavor Version Tinstall Tcheck Ttotal Status Flags
r-devel-linux-x86_64-debian-clang 1.6.4 8.32 78.49 86.81 NOTE
r-devel-linux-x86_64-debian-gcc 1.6.4 6.42 57.58 64.00 NOTE
r-devel-linux-x86_64-fedora-clang 1.6.4 63.00 78.57 141.57 OK
r-devel-linux-x86_64-fedora-gcc 1.6.4 20.00 104.68 124.68 OK
r-devel-windows-x86_64 1.6.4 11.00 89.00 100.00 OK
r-patched-linux-x86_64 1.6.4 8.58 74.38 82.96 OK
r-release-linux-x86_64 1.6.4 8.87 74.61 83.48 OK
r-release-macos-arm64 1.6.4 3.00 33.00 36.00 OK
r-release-macos-x86_64 1.6.4 6.00 54.00 60.00 OK
r-release-windows-x86_64 1.6.4 10.00 85.00 95.00 OK
r-oldrel-macos-arm64 1.6.4 3.00 30.00 33.00 OK
r-oldrel-macos-x86_64 1.6.4 5.00 53.00 58.00 OK
r-oldrel-windows-x86_64 1.6.4 14.00 104.00 118.00 OK

Check Details

Version: 1.6.4
Check: CRAN incoming feasibility
Result: NOTE Maintainer: ‘Ran Gao <rgao8@uic.edu>’ No Authors@R field in DESCRIPTION. Please add one, modifying Authors@R: c(person(given = "Rawan", family = "Allozi", role = "aut"), person(given = "Hakan", family = "Demirtas", role = "aut"), person(given = "Ran", family = "Gao", role = c("aut", "cre"), email = "rgao8@uic.edu")) as necessary. Flavors: r-devel-linux-x86_64-debian-clang, r-devel-linux-x86_64-debian-gcc