CRAN Package Check Results for Package BoostMLR

Last updated on 2025-11-22 09:49:48 CET.

Flavor Version Tinstall Tcheck Ttotal Status Flags
r-devel-linux-x86_64-debian-clang 1.0.3 59.70 36.96 96.66 NOTE
r-devel-linux-x86_64-debian-gcc 1.0.3 44.44 28.14 72.58 NOTE
r-devel-linux-x86_64-fedora-clang 1.0.3 88.00 60.45 148.45 OK
r-devel-windows-x86_64 1.0.3 61.00 74.00 135.00 OK
r-patched-linux-x86_64 1.0.3 62.52 35.39 97.91 OK
r-release-linux-x86_64 1.0.3 62.68 34.90 97.58 OK
r-release-macos-arm64 1.0.3 OK
r-release-macos-x86_64 1.0.3 29.00 36.00 65.00 OK
r-release-windows-x86_64 1.0.3 56.00 76.00 132.00 OK
r-oldrel-macos-arm64 1.0.3 OK
r-oldrel-macos-x86_64 1.0.3 24.00 27.00 51.00 NOTE
r-oldrel-windows-x86_64 1.0.3 76.00 86.00 162.00 OK

Check Details

Version: 1.0.3
Check: CRAN incoming feasibility
Result: NOTE Maintainer: ‘Amol Pande <amoljpande@gmail.com>’ No Authors@R field in DESCRIPTION. Please add one, modifying Authors@R: c(person(given = "Amol", family = "Pande", role = c("aut", "cre"), email = "amoljpande@gmail.com"), person(given = "Hemant", family = "Ishwaran", role = "aut")) as necessary. Package CITATION file contains call(s) to old-style personList() or as.personList(). Please use c() on person objects instead. Package CITATION file contains call(s) to old-style citEntry(). Please use bibentry() instead. Flavors: r-devel-linux-x86_64-debian-clang, r-devel-linux-x86_64-debian-gcc

Version: 1.0.3
Check: installed package size
Result: NOTE installed size is 5.1Mb sub-directories of 1Mb or more: libs 4.7Mb Flavor: r-oldrel-macos-x86_64