Last updated on 2025-10-22 09:50:27 CEST.
Flavor | Version | Tinstall | Tcheck | Ttotal | Status | Flags |
---|---|---|---|---|---|---|
r-devel-linux-x86_64-debian-clang | 1.1.0 | 6.69 | 77.38 | 84.07 | NOTE | |
r-devel-linux-x86_64-debian-gcc | 1.1.0 | 4.94 | 53.35 | 58.29 | NOTE | |
r-devel-linux-x86_64-fedora-clang | 1.1.0 | 13.00 | 116.28 | 129.28 | NOTE | |
r-devel-linux-x86_64-fedora-gcc | 1.1.0 | 40.00 | 107.00 | 147.00 | NOTE | |
r-devel-windows-x86_64 | 1.1.0 | 8.00 | 90.00 | 98.00 | OK | |
r-patched-linux-x86_64 | 1.1.0 | 6.68 | 67.10 | 73.78 | OK | |
r-release-linux-x86_64 | 1.1.0 | 6.72 | 66.83 | 73.55 | OK | |
r-release-macos-arm64 | 1.1.0 | 5.00 | 76.00 | 81.00 | OK | |
r-release-macos-x86_64 | 1.1.0 | 7.00 | 107.00 | 114.00 | OK | |
r-release-windows-x86_64 | 1.1.0 | 8.00 | 95.00 | 103.00 | OK | |
r-oldrel-macos-arm64 | 1.1.0 | 4.00 | 46.00 | 50.00 | OK | |
r-oldrel-macos-x86_64 | 1.1.0 | 6.00 | 73.00 | 79.00 | OK | |
r-oldrel-windows-x86_64 | 1.1.0 | 11.00 | 109.00 | 120.00 | OK |
Version: 1.1.0
Check: HTML version of manual
Result: NOTE
Found the following HTML validation problems:
C.html:58:1 (C.Rd:16): Warning: missing </ul> before </div>
E_beta.html:62:1 (E_beta.Rd:18): Warning: missing </ul> before </div>
E_theta_Reg.html:66:1 (E_theta_Reg.Rd:20): Warning: missing </ul> before </div>
T_Reg.html:66:1 (T_Reg.Rd:20): Warning: missing </ul> before </div>
VT_Reg.html:70:1 (VT_Reg.Rd:22): Warning: missing </ul> before </div>
V_beta.html:58:1 (V_beta.Rd:16): Warning: missing </ul> before </div>
V_theta_Reg.html:66:1 (V_theta_Reg.Rd:20): Warning: missing </ul> before </div>
Flavors: r-devel-linux-x86_64-debian-clang, r-devel-linux-x86_64-debian-gcc
Version: 1.1.0
Check: dependencies in R code
Result: NOTE
Namespaces in Imports field not imported from:
‘MASS’ ‘Matrix’ ‘matrixcalc’ ‘stats’
All declared Imports should be used.
Flavors: r-devel-linux-x86_64-fedora-clang, r-devel-linux-x86_64-fedora-gcc