Last updated on 2025-10-22 09:50:26 CEST.
Flavor | Version | Tinstall | Tcheck | Ttotal | Status | Flags |
---|---|---|---|---|---|---|
r-devel-linux-x86_64-debian-clang | 4.0.0 | 11.67 | 326.98 | 338.65 | NOTE | |
r-devel-linux-x86_64-debian-gcc | 4.0.0 | 7.54 | 224.58 | 232.12 | NOTE | |
r-devel-linux-x86_64-fedora-clang | 4.0.0 | 24.00 | 477.97 | 501.97 | OK | |
r-devel-linux-x86_64-fedora-gcc | 4.0.0 | 36.00 | 467.04 | 503.04 | OK | |
r-devel-windows-x86_64 | 4.0.0 | 13.00 | 301.00 | 314.00 | OK | |
r-patched-linux-x86_64 | 4.0.0 | 10.99 | 309.70 | 320.69 | OK | |
r-release-linux-x86_64 | 4.0.0 | 11.09 | 308.43 | 319.52 | OK | |
r-release-macos-arm64 | 4.0.0 | 5.00 | 280.00 | 285.00 | OK | |
r-release-macos-x86_64 | 4.0.0 | 12.00 | 408.00 | 420.00 | OK | |
r-release-windows-x86_64 | 4.0.0 | 14.00 | 300.00 | 314.00 | OK | |
r-oldrel-macos-arm64 | 4.0.0 | 6.00 | 199.00 | 205.00 | OK | |
r-oldrel-macos-x86_64 | 4.0.0 | 11.00 | 396.00 | 407.00 | OK | |
r-oldrel-windows-x86_64 | 4.0.0 | 19.00 | 364.00 | 383.00 | OK |
Version: 4.0.0
Check: HTML version of manual
Result: NOTE
Found the following HTML validation problems:
write.apply.polygenic.score.output.to.file.html:58:1 (write.apply.polygenic.score.output.to.file.Rd:18): Warning: missing </ul> before </div>
Flavors: r-devel-linux-x86_64-debian-clang, r-devel-linux-x86_64-debian-gcc